
Suppose -d + 0*o = -2*o - 24, o = 1. What is the units digit of d?
6
Let s(z) = -z**3 - 7*z**2 - 9*z - 5. Let l be s(-6). What is the tens digit of (l/(-2))/((-3)/6)?
1
Suppose -3*y + 5*y - 1282 = -4*f, -3*f + 4*y = -978. What is the hundreds digit of f?
3
Suppose -t + 26 = -5*c, -t + 0*t - 2*c + 5 = 0. Let l = 1 + t. What is the units digit of l?
2
Let o = 44 + -5. What is the units digit of o?
9
Suppose 5*g + 57 = 242. What is the units digit of g?
7
Let y(v) = v**3 - 9*v**2 + 9*v - 6. Let g be y(8). Suppose 0 = g*d + 6 + 4. Let z = d - -13. What is the units digit of z?
8
Suppose -34 = 11*k - 12*k. What is the units digit of k?
4
Suppose 3*g + 376 = 2*p, 2*g + 159 + 593 = 4*p. What is the units digit of p?
8
Let r be ((-3)/6*0)/2. Suppose r = q - 0*q - 4. What is the units digit of q/1 - (-2)/1?
6
Let l(r) = -r**3 + 10*r**2 + 1. Let w be l(10). Suppose -2*v - 11 - w = 0. Let x(g) = g**2 + 4*g + 2. What is the tens digit of x(v)?
1
Suppose -5*h - 7 = 3, y + 4*h = 38. What is the units digit of y?
6
Suppose 3*m - 7 = -a - 2, 0 = -a - 4*m + 8. What is the units digit of a/(1 + 10/(-6))?
6
Let l = -52 + 100. What is the units digit of l?
8
Suppose 4*y - 113 - 163 = 0. Let k be 6/21 + y/(-21). Let f = k + 6. What is the units digit of f?
3
Let g = -1 + 6. Let p = g + -16. Let x = p + 16. What is the units digit of x?
5
Suppose -3*d - s = 3*s + 190, 0 = 4*d - 3*s + 245. Let z = -37 - d. What is the tens digit of z?
2
Suppose 3*t = 5*t - 58. What is the units digit of t?
9
Let t(n) = -5*n**3 + 7*n**2 + 6*n**3 - 7 + n + 2*n - 12*n. What is the units digit of t(-8)?
1
Let f = -17 - -20. Suppose -i = -0*i - f. What is the units digit of i?
3
Suppose 2*c + 53 = 3*i, i + 4*i = 2*c + 95. What is the units digit of i?
1
What is the units digit of 85/(4/4) + 1?
6
Let v(p) = p + 6. Let x be v(0). Let m(b) = b - 4. What is the units digit of m(x)?
2
Let o = 387 + -210. What is the tens digit of o?
7
Let y(v) = v**2 - v - 1. Let a(s) = -s. Let f(d) = a(d) + y(d). Let b(o) = -o**3 - 10*o**2 + 12*o + 10. Let n be b(-11). What is the units digit of f(n)?
2
Suppose -2 - 3 = -w. Suppose -3*x - w*b + 24 = 0, -40 = -x - 4*x + 3*b. What is the units digit of x?
8
Suppose 3*o = 3*u - 12, 0 = -u + 6*u - 15. Let q = 33 + o. What is the units digit of q?
2
Suppose -4*g - 3*o + 84 = 0, 68 = 4*g - o - 0*o. Suppose -x = x - g. Let h = x - 1. What is the units digit of h?
8
Let a(o) = 2*o**2 + 4*o + 4. Let q be a(-3). Suppose 0 = -4*s + 5 + 7. Let n = q - s. What is the units digit of n?
7
What is the tens digit of ((-365)/(-20))/(2/8)?
7
Let m(r) = -20*r**3 + 2*r**2 - 4*r + 3. Let o be m(3). Let l be (-4)/(-14) - o/(-21). Let d = l - -44. What is the tens digit of d?
1
Let o = -7 + 13. Let j(w) = 6*w - 17. What is the tens digit of j(o)?
1
Let n(z) = z**2 - 7*z - 12. Suppose o = -q + 12, 0 = 2*q - 4*o + o - 19. What is the units digit of n(q)?
2
Suppose 2*k - 5*g = 43, 0*k + 2*k - 70 = -4*g. Let a = -17 + k. What is the units digit of a?
2
Let k(f) = -f**3 + 5*f**2 - 2*f - 4. Let h be 1/((-2)/(-4)) - -1. Suppose 0 = -4*i + 3*i + 3*b - 8, 3*b = h*i. What is the units digit of k(i)?
4
Suppose -4 = 2*r + 3*v + 2, -20 = -5*v. Let d = r - -18. What is the units digit of d?
9
Let o = -69 - -331. What is the tens digit of o?
6
Let l(s) = -s**3 + 9*s**2 - 8*s + 8. What is the tens digit of l(6)?
6
Let f(b) = -b**3 - 5*b**2 + 3*b - 2. Let z be f(-5). Let n = z + 26. What is the units digit of n?
9
What is the units digit of 2076/72 + 1/6?
9
Suppose -103 + 33 = -5*c. Let o = c - 3. What is the tens digit of o?
1
Suppose 58*i = 55*i + 609. What is the units digit of i?
3
Let b(j) = j**2 + 3*j - 10. Let x = 6 - 14. What is the units digit of b(x)?
0
Let y = -6 - -8. Suppose -2*d + 69 + 15 = 4*l, -48 = -y*l + 2*d. What is the units digit of l?
2
Let n be (-1)/2 - (-796)/(-8). Let c = n + 195. Suppose -c = -5*v - 2*r, 3*v + 20 - 91 = -4*r. What is the tens digit of v?
1
What is the tens digit of (1 + 2)*(-445)/(-15)?
8
Suppose -5*b - 170 = -4*w - 47, -3*b + 35 = w. What is the units digit of ((-30)/(-20))/(6/w)?
8
Let r(n) = n**3 + 4*n**2 - 8*n - 5. Let g = -12 + 7. What is the units digit of r(g)?
0
Let g be ((-6)/(-9))/((-4)/(-18)). Suppose 4*w - g*w = 0. Suppose -1 = -s - w*s. What is the units digit of s?
1
What is the units digit of 168/(-4)*-1*2/3?
8
Suppose 0*d = -4*p + 4*d + 260, 0 = 3*p - 2*d - 195. What is the tens digit of p?
6
Let u be (7 - 4) + 4/(-1). What is the units digit of (-2)/1 + u + 6?
3
Let n = -5 - -22. What is the tens digit of n?
1
Let v(y) = -y**2 - y + 15. Let b(r) = -r**3 + 2*r**2 + 4*r - 3. Let p be b(3). What is the tens digit of v(p)?
1
Let q = 28 + -26. Suppose -z + 15 = q. What is the units digit of z?
3
Let g be (11 - 17)/((-2)/(-4)). What is the units digit of 1/3 - 92/g?
8
Let h be 12 + -2 - (4 + -3). What is the units digit of 8 - h/3*-1?
1
Let j(f) = 4*f + 3. Let k(d) = -d. Let y(s) = -j(s) - 6*k(s). What is the units digit of y(16)?
9
Let n(q) = -q**3 - 4*q**2 + 6*q + 5. Let j be n(-5). Suppose -3*z + 3*r + 15 = 0, 2*z + 0*z - 5*r - 4 = j. What is the units digit of z?
7
Let d = -89 - -214. What is the units digit of d?
5
Suppose -3*u + 5*p = -187, -4*u + 72 = -4*p - 180. What is the tens digit of u?
6
Let b = 41 + -25. What is the units digit of b?
6
Suppose -s = 4*s - 5. Let l = s + 2. What is the units digit of l?
3
Suppose 272 = 4*a - 0*a. What is the units digit of a?
8
Suppose -5*g = -k - k - 686, -4*k = -3*g + 406. What is the units digit of g?
8
Let s(o) = -o**3 + 4. Let m be s(0). Let p(r) = m + 8*r**2 + 0*r**2 + r**3 - 2*r**2 + 7*r. What is the units digit of p(-4)?
8
Let a be 13/(-3*1/(-21)). Let o = -36 + a. What is the units digit of o?
5
Suppose u - 61 = -2*b, 2*b - 5*u + 2*u = 57. What is the tens digit of b?
3
Suppose 1 = 3*c + 2*a - 22, 2*c + 2*a - 18 = 0. What is the units digit of c?
5
Let c(y) = -14*y**3 + y**2 + 2*y + 1. Let m be c(-1). Suppose 4*s = -f - 0*f + m, f - 8 = -s. What is the units digit of f?
6
Let c(q) = -q**3 - q**2 + q. Let l(n) = -2*n**3 + 2*n**2 + n. Let k(y) = -3*c(y) + l(y). What is the units digit of k(-4)?
4
Suppose 1776 = -7*h + 15*h. What is the units digit of h?
2
Suppose 0 = 2*k - 77 + 7. Suppose 3*v - a - 121 = -k, -96 = -3*v + 3*a. What is the units digit of v?
7
Let c(u) = -u + 0*u + 2*u. Let a(l) = 3. Let z(p) = a(p) + 2*c(p). What is the units digit of z(3)?
9
Suppose -4*i + 5*j - 4*j = 2, -6 = 2*i - 3*j. Suppose -n + 3*n = i. Let z = n + 2. What is the units digit of z?
2
Suppose p - 8*v - 73 = -12*v, 3*p - 206 = v. What is the tens digit of p?
6
Suppose 12 = 2*q + 3*d, 4 = -3*q - 4*d + 22. What is the units digit of q?
6
Suppose 16 = -2*j + 56. What is the tens digit of j?
2
Let d(g) = -g + 29. What is the units digit of d(0)?
9
Suppose 9*m - 336 = 3*m. What is the tens digit of m?
5
Suppose 119*p = 122*p - 198. What is the units digit of p?
6
Let l = 23 - 15. Let g = l - 3. What is the units digit of g?
5
Let d(a) = a - 2. Let v be d(7). Suppose v*f = -4*c - 0*c + 17, -3*c - 3*f = -9. What is the units digit of (c/(-3))/((-4)/(-6))?
1
Let z(l) = -3*l - 3. What is the units digit of z(-4)?
9
Suppose -3*o + 68 = -64. What is the tens digit of o?
4
Let g(u) = -7*u - 7. Let k be g(7). Let w = k + 82. Suppose 0 = 5*i + z - 3*z - w, 23 = 5*i - z. What is the units digit of i?
4
Suppose -12*i - 276 = -15*i. What is the tens digit of i?
9
Let x = -13 - -10. What is the units digit of (-1)/x - (-53)/3?
8
Let x = -18 - -9. Let p be 12/x*(-6)/4. Suppose 2*m - 2*v = -0*m - p, 0 = v - 4. What is the units digit of m?
3
Let b(h) = h**3 + 12*h**2 + 7*h - 6. What is the units digit of b(-11)?
8
Let z be 0 - -25*(3 - 1). Suppose 2*n = -6 - 2, d - 3*n = z. What is the tens digit of d?
3
Let c = -6 - -10. What is the tens digit of 2/c*1*22?
1
Suppose 0 = 4*x - 4 - 4. Suppose 3*h - 7*h = -5*c - 87, 3*h - x*c = 67. What is the units digit of h?
3
Suppose -5*v = -4*a - 27, v - 15 = -2*v + 2*a. Suppose -28 = -v*z - 4*y, 4*z - 2*y - 54 = y. What is the units digit of z?
2
Suppose -77 = -l - 0. What is the tens digit of l?
7
Let b = -114 - -178. What is the units digit of b?
4
Let z = -45 + 501. What is the units digit of z?
6
Let g(t) = t**2 + 9*t - 10. Let i(d) = 2*d**2 + 9*d - 9. Let l(b) = -3*g(b) + 2*i(b). 